{"id":152,"date":"2022-05-04T13:22:57","date_gmt":"2022-05-04T13:22:57","guid":{"rendered":"https:\/\/pion.irem.univ-mrs.fr\/?page_id=152"},"modified":"2025-10-18T13:01:43","modified_gmt":"2025-10-18T13:01:43","slug":"ressources-liens-utiles","status":"publish","type":"page","link":"https:\/\/pion.irem.univ-mrs.fr\/index.php\/ressources-liens-utiles\/","title":{"rendered":"Ressources, liens utiles"},"content":{"rendered":"\n<div class=\"is-layout-flow wp-block-group\"><div class=\"wp-block-group__inner-container\">\n<h2>Tester WIMS avec les yeux d&rsquo;un \u00e9l\u00e8ve<\/h2>\n\n\n\n<p>Elles pr\u00e9sentent la vision \u00e9l\u00e8ve de certains de nos projets :<\/p>\n\n\n\n<p>Le DMWIMS, Les cahiers de vacances, Calendriers de l&rsquo;Avent<br>Pour aller voir :<br><strong>Acc\u00e8s :<\/strong> <a rel=\"noreferrer noopener\" href=\"https:\/\/wims.univ-mrs.fr\/wims\/wims.cgi?module=adm\/class\/classes&amp;lang=fr&amp;type=authparticipant&amp;class=1463259\/1\/102&amp;subclass=yes\" target=\"_blank\">https:\/\/wims.univ-mrs.fr\/wims\/wims.cgi?module=adm\/class\/classes&amp;lang=fr&amp;type=authparticipant&amp;class=1463259\/1\/102&amp;subclass=yes<\/a><br>Identifiant : minusXX (XX est \u00e0 remplacer par un entier entre 11 et 99)<br>Mot de passe : mutuwims05<\/p>\n<\/div><\/div>\n\n\n\n<h2>Tester WIMS comme un enseignant :<\/h2>\n\n\n\n<p>Bac \u00e0 sable avec toutes les sauvegardes que nous diffusons. De la sixi\u00e8me \u00e0 la terminale, g\u00e9n\u00e9rale et technologique<\/p>\n\n\n\n<p><strong>Acc\u00e8s<\/strong> : <a href=\"https:\/\/wims.univ-mrs.fr\/wims\/wims.cgi?module=adm\/class\/classes&amp;lang=fr&amp;type=authparticipant&amp;class=1463259&amp;subclass=yes\" target=\"_blank\" rel=\"noreferrer noopener\">https:\/\/wims.univ-mrs.fr\/wims\/wims.cgi?module=adm\/class\/classes&amp;lang=fr&amp;type=authparticipant&amp;class=1463259&amp;subclass=yes<\/a><br><strong>Identifiant :<\/strong> profXX (XX est \u00e0 remplacer par un entier entre 11 et 51)<br><strong>Mot de passe :<\/strong> mutuwims05<\/p>\n\n\n\n<h2>Formations et informations<\/h2>\n\n\n\n<h3>Compagnons WIMS (M@gist\u00e8re)<\/h3>\n\n\n\n<div class=\"is-layout-flow wp-block-group\"><div class=\"wp-block-group__inner-container\">\n<div class=\"is-layout-flex wp-container-3 wp-block-columns are-vertically-aligned-bottom\">\n<div class=\"is-layout-flow wp-block-column is-vertically-aligned-bottom\" style=\"flex-basis:100%\"><div class=\"wp-block-image\">\n<figure class=\"alignleft size-large\"><img decoding=\"async\" loading=\"lazy\" width=\"238\" height=\"133\" src=\"https:\/\/pion.irem.univ-mrs.fr\/wp-content\/uploads\/2022\/05\/logo_compwims.png\" alt=\"Compagnons WIMS\" class=\"wp-image-174\"\/><\/figure><\/div>\n\n\n<p>Acc\u00e8s en auto-inscription (toutes acad\u00e9mies), formation aux DMWIMS, formation \u00e0 WIMS, acc\u00e8s aux classes duplicables, aux sauvegardes,\u2026<br>lien d&rsquo;inscription : <a href=\"https:\/\/partage02.magistere.apps.education.fr\/course\/section.php?id=3374\">https:\/\/partage02.magistere.apps.education.fr\/course\/section.php?id=3374<\/a><\/p>\n<\/div>\n<\/div>\n<\/div><\/div>\n\n\n\n<h3>MutuWIMS<\/h3>\n\n\n\n<div class=\"is-layout-flow wp-block-group\"><div class=\"wp-block-group__inner-container\">\n<div class=\"is-layout-flex wp-container-6 wp-block-columns are-vertically-aligned-center\">\n<div class=\"is-layout-flow wp-block-column is-vertically-aligned-center\" style=\"flex-basis:100%\"><div class=\"wp-block-image\">\n<figure class=\"alignleft is-resized\"><img decoding=\"async\" loading=\"lazy\" src=\"https:\/\/wimsedu.info\/wp-content\/uploads\/2019\/06\/logo.png\" alt=\"\" width=\"160\" height=\"176\"\/><\/figure><\/div>\n\n\n<p>La communaut\u00e9 MutuWIMS existe depuis 2018. Elle est soutenue par l&rsquo;association WIMS EDU qui g\u00e8re le logiciel WIMS.<\/p>\n\n\n\n<p>Contact avec la communaut\u00e9 pour l&rsquo;int\u00e9grer et aider \u00e0 la production, \u00e0 l&rsquo;am\u00e9lioration des ressources<br>Plus d&rsquo;informations et modalit\u00e9 d&rsquo;inscription sur le site de WIMS EDU: <a rel=\"noreferrer noopener\" href=\"https:\/\/wimsedu.info\/?page_id=5089\" target=\"_blank\">https:\/\/wimsedu.info\/?page_id=5089<\/a><\/p>\n<\/div>\n<\/div>\n\n\n\n<p><\/p>\n<\/div><\/div>\n","protected":false},"excerpt":{"rendered":"<p>Tester WIMS avec les yeux d&rsquo;un \u00e9l\u00e8ve Elles pr\u00e9sentent la vision \u00e9l\u00e8ve de certains de nos projets : Le DMWIMS, Les cahiers de vacances, Calendriers de l&rsquo;AventPour aller voir :Acc\u00e8s : https:\/\/wims.univ-mrs.fr\/wims\/wims.cgi?module=adm\/class\/classes&amp;lang=fr&amp;type=authparticipant&amp;class=1463259\/1\/102&amp;subclass=yesIdentifiant : minusXX (XX est \u00e0 remplacer par un entier entre 11 et 99)Mot de passe : mutuwims05 Tester WIMS comme un enseignant :&hellip;&nbsp;<a href=\"https:\/\/pion.irem.univ-mrs.fr\/index.php\/ressources-liens-utiles\/\" rel=\"bookmark\">Lire la suite &raquo;<span class=\"screen-reader-text\">Ressources, liens utiles<\/span><\/a><\/p>\n","protected":false},"author":3,"featured_media":0,"parent":0,"menu_order":0,"comment_status":"closed","ping_status":"closed","template":"","meta":{"neve_meta_sidebar":"default","neve_meta_container":"","neve_meta_enable_content_width":"","neve_meta_content_width":70,"neve_meta_title_alignment":"center","neve_meta_author_avatar":"","neve_post_elements_order":"","neve_meta_disable_header":"","neve_meta_disable_footer":"","neve_meta_disable_title":""},"_links":{"self":[{"href":"https:\/\/pion.irem.univ-mrs.fr\/index.php\/wp-json\/wp\/v2\/pages\/152"}],"collection":[{"href":"https:\/\/pion.irem.univ-mrs.fr\/index.php\/wp-json\/wp\/v2\/pages"}],"about":[{"href":"https:\/\/pion.irem.univ-mrs.fr\/index.php\/wp-json\/wp\/v2\/types\/page"}],"author":[{"embeddable":true,"href":"https:\/\/pion.irem.univ-mrs.fr\/index.php\/wp-json\/wp\/v2\/users\/3"}],"replies":[{"embeddable":true,"href":"https:\/\/pion.irem.univ-mrs.fr\/index.php\/wp-json\/wp\/v2\/comments?post=152"}],"version-history":[{"count":11,"href":"https:\/\/pion.irem.univ-mrs.fr\/index.php\/wp-json\/wp\/v2\/pages\/152\/revisions"}],"predecessor-version":[{"id":629,"href":"https:\/\/pion.irem.univ-mrs.fr\/index.php\/wp-json\/wp\/v2\/pages\/152\/revisions\/629"}],"wp:attachment":[{"href":"https:\/\/pion.irem.univ-mrs.fr\/index.php\/wp-json\/wp\/v2\/media?parent=152"}],"curies":[{"name":"wp","href":"https:\/\/api.w.org\/{rel}","templated":true}]}}