{"id":485,"date":"2025-03-18T10:10:49","date_gmt":"2025-03-18T10:10:49","guid":{"rendered":"https:\/\/pion.irem.univ-mrs.fr\/?page_id=485"},"modified":"2025-03-22T08:18:20","modified_gmt":"2025-03-22T08:18:20","slug":"colloque-mclcm-mars-2025","status":"publish","type":"page","link":"https:\/\/pion.irem.univ-mrs.fr\/index.php\/colloque-mclcm-mars-2025\/","title":{"rendered":"Colloque MCLCM mars 2025"},"content":{"rendered":"\n<h2>Diaporama de pr\u00e9sentation <\/h2>\n\n\n\n<div class=\"wp-block-file\"><object class=\"wp-block-file__embed\" data=\"https:\/\/pion.irem.univ-mrs.fr\/wp-content\/uploads\/2025\/03\/pres_wims_mclcm_mars25.pdf\" type=\"application\/pdf\" style=\"width:100%;height:600px\" aria-label=\"Contenu embarqu\u00e9 pres_wims_mclcm_mars25.\"><\/object><a id=\"wp-block-file--media-ea20beca-07c2-4208-be1c-6ff72a7ae70b\" href=\"https:\/\/pion.irem.univ-mrs.fr\/wp-content\/uploads\/2025\/03\/pres_wims_mclcm_mars25.pdf\">pres_wims_mclcm_mars25<\/a><a href=\"https:\/\/pion.irem.univ-mrs.fr\/wp-content\/uploads\/2025\/03\/pres_wims_mclcm_mars25.pdf\" class=\"wp-block-file__button wp-element-button\" download aria-describedby=\"wp-block-file--media-ea20beca-07c2-4208-be1c-6ff72a7ae70b\">T\u00e9l\u00e9charger<\/a><\/div>\n\n\n\n<h2>Acc\u00e8s \u00e0 la classe de pr\u00e9sentation<\/h2>\n\n\n\n<p>Pour acc\u00e9der \u00e0 la classe de pr\u00e9sentation (profil \u00e9l\u00e8ve) qui contient les exemples qui sont expos\u00e9s, suivre les consignes suivantes :<\/p>\n\n\n\n<ul>\n<li>Identifiant : <strong>minusXX<\/strong> (remplacer XX par un entier entre 10 et 99)<\/li>\n\n\n\n<li>Mot de passe : <strong>mutuwims<\/strong><\/li>\n<\/ul>\n\n\n\n<p>Acc\u00e8s : <a href=\"http:\/\/wims.univ-mrs.fr\/wims\/wims.cgi?module=adm\/class\/classes&amp;type=authparticipant&amp;class=1463259\/1\/102&amp;subclass=yes\" target=\"_blank\" rel=\"noreferrer noopener\">http:\/\/wims.univ-mrs.fr\/wims\/wims.cgi?module=adm\/class\/classes&amp;type=authparticipant&amp;class=<small>1463259<\/small><\/a><\/p>\n\n\n\n<h2>Des exemples d&rsquo;exercices<\/h2>\n\n\n\n<ul>\n<li><a rel=\"noreferrer noopener\" href=\"https:\/\/wims.univ-amu.fr\/wims\/wims.cgi?module=E6\/number\/dominos.fr&amp;cmd=new&amp;exo=equations&amp;confparm1=3&amp;qnum=1&amp;scoredelay=&amp;seedrepeat=0&amp;qcmlevel=1\" target=\"_blank\">Dominos et \u00e9quations<\/a><\/li>\n\n\n\n<li><a href=\"https:\/\/wims.univ-amu.fr\/wims\/wims.cgi?module=H1\/geometry\/OEFgeog.fr&amp;cmd=new&amp;exo=cercle2&amp;qnum=1&amp;scoredelay=&amp;seedrepeat=0&amp;qcmlevel=1\" target=\"_blank\" rel=\"noreferrer noopener\">Avec G\u00e9og\u00e9bra<\/a><\/li>\n\n\n\n<li><a href=\"https:\/\/wims.univ-amu.fr\/wims\/wims.cgi?module=E6\/number\/dominos.fr&amp;cmd=new&amp;exo=jaiquia&amp;confparm3=13&amp;confparm3=15&amp;confparm2=11&amp;qnum=1&amp;scoredelay=&amp;seedrepeat=0&amp;qcmlevel=1\" target=\"_blank\" rel=\"noreferrer noopener\">J&rsquo;ai &#8230; Qui a &#8230; ?<\/a><\/li>\n\n\n\n<li><a href=\"https:\/\/wims.univ-amu.fr\/wims\/wims.cgi?module=H6\/algebra\/oefvec3d.fr&amp;cmd=new&amp;exo=sumvect1&amp;qnum=1&amp;scoredelay=&amp;seedrepeat=0&amp;qcmlevel=1\" target=\"_blank\" rel=\"noreferrer noopener\">Somme de vecteurs dans l&rsquo;espace<\/a><\/li>\n\n\n\n<li><a href=\"https:\/\/wims.univ-amu.fr\/wims\/wims.cgi?module=H1\/algo\/initiation.fr&amp;cmd=new&amp;exo=angleassocier&amp;qnum=1&amp;scoredelay=&amp;seedrepeat=0&amp;qcmlevel=1\" target=\"_blank\" rel=\"noreferrer noopener\">Scratch<\/a><\/li>\n\n\n\n<li><a href=\"https:\/\/wims.univ-amu.fr\/wims\/wims.cgi?module=H4\/algo\/oefpython.fr&amp;cmd=new&amp;exo=bouclewhile3&amp;qnum=1&amp;scoredelay=&amp;seedrepeat=0&amp;qcmlevel=1\" target=\"_blank\" rel=\"noreferrer noopener\">Python<\/a><\/li>\n\n\n\n<li><a href=\"https:\/\/wims.univ-amu.fr\/wims\/wims.cgi?module=E6\/number\/labyrinthes.fr&amp;cmd=new&amp;exo=priorites&amp;qnum=1&amp;scoredelay=&amp;seedrepeat=0&amp;qcmlevel=1\" target=\"_blank\" rel=\"noreferrer noopener\">Labyrinthes<\/a><\/li>\n<\/ul>\n\n\n\n<h2>Formation<\/h2>\n\n\n\n<p>Acc\u00e9der au parcours de formation Compagnons WIMS : <a href=\"https:\/\/magistere.education.fr\/ac-aix-marseille\/course\/view.php?id=8617\" target=\"_blank\" rel=\"noreferrer noopener\">page d&rsquo;inscription<\/a> (Tout personnel EN et Sup\u00e9rieur)<\/p>\n\n\n\n<p>Plus d&rsquo;informations sur ce parcours : <a href=\"https:\/\/www.pedagogie.ac-aix-marseille.fr\/jcms\/c_10779002\/fr\/compagnons-wims\">clic ici <\/a><\/p>\n","protected":false},"excerpt":{"rendered":"<p>Diaporama de pr\u00e9sentation Acc\u00e8s \u00e0 la classe de pr\u00e9sentation Pour acc\u00e9der \u00e0 la classe de pr\u00e9sentation (profil \u00e9l\u00e8ve) qui contient les exemples qui sont expos\u00e9s, suivre les consignes suivantes : Acc\u00e8s : http:\/\/wims.univ-mrs.fr\/wims\/wims.cgi?module=adm\/class\/classes&amp;type=authparticipant&amp;class=1463259 Des exemples d&rsquo;exercices Formation Acc\u00e9der au parcours de formation Compagnons WIMS : page d&rsquo;inscription (Tout personnel EN et Sup\u00e9rieur) Plus d&rsquo;informations sur&hellip;&nbsp;<a href=\"https:\/\/pion.irem.univ-mrs.fr\/index.php\/colloque-mclcm-mars-2025\/\" rel=\"bookmark\">Lire la suite &raquo;<span class=\"screen-reader-text\">Colloque MCLCM mars 2025<\/span><\/a><\/p>\n","protected":false},"author":3,"featured_media":0,"parent":0,"menu_order":0,"comment_status":"closed","ping_status":"closed","template":"","meta":{"neve_meta_sidebar":"","neve_meta_container":"","neve_meta_enable_content_width":"","neve_meta_content_width":0,"neve_meta_title_alignment":"","neve_meta_author_avatar":"","neve_post_elements_order":"","neve_meta_disable_header":"","neve_meta_disable_footer":"","neve_meta_disable_title":""},"_links":{"self":[{"href":"https:\/\/pion.irem.univ-mrs.fr\/index.php\/wp-json\/wp\/v2\/pages\/485"}],"collection":[{"href":"https:\/\/pion.irem.univ-mrs.fr\/index.php\/wp-json\/wp\/v2\/pages"}],"about":[{"href":"https:\/\/pion.irem.univ-mrs.fr\/index.php\/wp-json\/wp\/v2\/types\/page"}],"author":[{"embeddable":true,"href":"https:\/\/pion.irem.univ-mrs.fr\/index.php\/wp-json\/wp\/v2\/users\/3"}],"replies":[{"embeddable":true,"href":"https:\/\/pion.irem.univ-mrs.fr\/index.php\/wp-json\/wp\/v2\/comments?post=485"}],"version-history":[{"count":3,"href":"https:\/\/pion.irem.univ-mrs.fr\/index.php\/wp-json\/wp\/v2\/pages\/485\/revisions"}],"predecessor-version":[{"id":492,"href":"https:\/\/pion.irem.univ-mrs.fr\/index.php\/wp-json\/wp\/v2\/pages\/485\/revisions\/492"}],"wp:attachment":[{"href":"https:\/\/pion.irem.univ-mrs.fr\/index.php\/wp-json\/wp\/v2\/media?parent=485"}],"curies":[{"name":"wp","href":"https:\/\/api.w.org\/{rel}","templated":true}]}}